{"id":114,"date":"2025-09-12T12:15:04","date_gmt":"2025-09-12T12:15:04","guid":{"rendered":"https:\/\/www.sertgroup.fi\/?page_id=114"},"modified":"2025-10-06T10:22:07","modified_gmt":"2025-10-06T10:22:07","slug":"lamposaadellyt-kuljetukset","status":"publish","type":"page","link":"https:\/\/www.sertgroup.fi\/index.php\/lamposaadellyt-kuljetukset\/","title":{"rendered":"L\u00e4mp\u00f6s\u00e4\u00e4dellyt Kuljetukset"},"content":{"rendered":"\n<div class=\"wp-block-media-text alignfull has-media-on-the-right is-stacked-on-mobile is-vertically-aligned-top has-text-color has-background has-link-color wp-elements-74710782b7d870ecb5aaa484f8b48a1e\" style=\"color:#fffdc7;background-color:#121c1c\"><div class=\"wp-block-media-text__content\">\n<div class=\"wp-block-group has-link-color wp-elements-61bcd43456ba1259cf44955c1b50493e is-layout-flow wp-block-group-is-layout-flow\" style=\"padding-top:2em;padding-right:2em;padding-bottom:2em;padding-left:2em\">\n<h2 class=\"wp-block-heading has-text-color has-link-color wp-elements-36598b5d389cddc6c87146574dd36ad2\" style=\"color:#fffdc7\"><mark style=\"background-color:rgba(0, 0, 0, 0)\" class=\"has-inline-color has-background-color\">L\u00e4mp\u00f6s\u00e4\u00e4dellyt kuljetukset<\/mark><\/h2>\n\n\n\n<p><mark style=\"background-color:rgba(0, 0, 0, 0)\" class=\"has-inline-color has-background-color\">Kun kuljetettava tavara vaatii tarkkaa l\u00e4mp\u00f6tilanhallintaa, Sert Group on oikea valinta. Meill\u00e4 on kalusto ja osaaminen, jolla varmistamme, ett\u00e4 tuotteet s\u00e4ilyv\u00e4t vaaditussa l\u00e4mp\u00f6tilassa koko kuljetuksen ajan. T\u00e4m\u00e4 on t\u00e4rke\u00e4\u00e4 erityisesti elintarvikkeille ja muille tuotteille, jotka eiv\u00e4t sied\u00e4 l\u00e4mp\u00f6tilavaihteluita. Asiakkaalle t\u00e4m\u00e4 tarkoittaa mielenrauhaa \u2013 tavara kulkee turvallisesti ja laadukkaana m\u00e4\u00e4r\u00e4np\u00e4\u00e4h\u00e4n.<\/mark><\/p>\n<\/div>\n<\/div><figure class=\"wp-block-media-text__media\"><img loading=\"lazy\" decoding=\"async\" width=\"768\" height=\"1024\" src=\"http:\/\/www.sertgroup.fi\/wp-content\/uploads\/2025\/10\/WhatsApp-Kuva-2025-10-05-klo-09.59.39_5bfb8803-768x1024.jpg\" alt=\"\" class=\"wp-image-441 size-full\" srcset=\"https:\/\/www.sertgroup.fi\/wp-content\/uploads\/2025\/10\/WhatsApp-Kuva-2025-10-05-klo-09.59.39_5bfb8803-768x1024.jpg 768w, https:\/\/www.sertgroup.fi\/wp-content\/uploads\/2025\/10\/WhatsApp-Kuva-2025-10-05-klo-09.59.39_5bfb8803-225x300.jpg 225w, https:\/\/www.sertgroup.fi\/wp-content\/uploads\/2025\/10\/WhatsApp-Kuva-2025-10-05-klo-09.59.39_5bfb8803-1152x1536.jpg 1152w, https:\/\/www.sertgroup.fi\/wp-content\/uploads\/2025\/10\/WhatsApp-Kuva-2025-10-05-klo-09.59.39_5bfb8803.jpg 1536w\" sizes=\"auto, (max-width: 768px) 100vw, 768px\" \/><\/figure><\/div>\n","protected":false},"excerpt":{"rendered":"","protected":false},"author":1,"featured_media":0,"parent":0,"menu_order":0,"comment_status":"closed","ping_status":"closed","template":"","meta":{"footnotes":""},"class_list":["post-114","page","type-page","status-publish","hentry"],"_links":{"self":[{"href":"https:\/\/www.sertgroup.fi\/index.php\/wp-json\/wp\/v2\/pages\/114","targetHints":{"allow":["GET"]}}],"collection":[{"href":"https:\/\/www.sertgroup.fi\/index.php\/wp-json\/wp\/v2\/pages"}],"about":[{"href":"https:\/\/www.sertgroup.fi\/index.php\/wp-json\/wp\/v2\/types\/page"}],"author":[{"embeddable":true,"href":"https:\/\/www.sertgroup.fi\/index.php\/wp-json\/wp\/v2\/users\/1"}],"replies":[{"embeddable":true,"href":"https:\/\/www.sertgroup.fi\/index.php\/wp-json\/wp\/v2\/comments?post=114"}],"version-history":[{"count":6,"href":"https:\/\/www.sertgroup.fi\/index.php\/wp-json\/wp\/v2\/pages\/114\/revisions"}],"predecessor-version":[{"id":473,"href":"https:\/\/www.sertgroup.fi\/index.php\/wp-json\/wp\/v2\/pages\/114\/revisions\/473"}],"wp:attachment":[{"href":"https:\/\/www.sertgroup.fi\/index.php\/wp-json\/wp\/v2\/media?parent=114"}],"curies":[{"name":"wp","href":"https:\/\/api.w.org\/{rel}","templated":true}]}}